nd 18240?
10
Calculate the greatest common divisor of 86 and 143104.
86
Calculate the highest common divisor of 611 and 14758.
47
Calculate the greatest common divisor of 592 and 3888.
16
What is the greatest common factor of 346836 and 672?
84
What is the greatest common factor of 31174 and 572?
286
What is the highest common factor of 816 and 40368?
48
What is the greatest common factor of 408 and 18888?
24
Calculate the greatest common divisor of 143 and 46475.
143
Calculate the highest common factor of 361 and 2147.
19
Calculate the highest common factor of 1957839 and 663.
663
What is the greatest common factor of 67 and 19363?
67
Calculate the highest common factor of 2930 and 160.
10
Calculate the highest common factor of 1664 and 12608.
64
What is the highest common factor of 2850 and 2166?
114
What is the highest common factor of 11167 and 91?
13
Calculate the highest common factor of 214497 and 18.
9
What is the highest common factor of 12714 and 18330?
78
Calculate the highest common divisor of 2576 and 6256.
368
What is the highest common factor of 34227 and 2160?
9
Calculate the highest common factor of 4980 and 1950.
30
What is the highest common factor of 5967 and 16133?
221
Calculate the greatest common factor of 17193 and 16151.
521
What is the highest common factor of 27 and 1097172?
27
What is the highest common divisor of 3131 and 2449?
31
Calculate the highest common factor of 156 and 6529731.
39
Calculate the greatest common factor of 5287 and 1547.
17
Calculate the greatest common factor of 276100 and 7700.
1100
What is the highest common divisor of 855 and 986085?
45
Calculate the greatest common factor of 33 and 99741.
3
What is the highest common divisor of 20288 and 928?
32
What is the greatest common factor of 91 and 102479?
13
Calculate the highest common divisor of 734418 and 54.
18
Calculate the greatest common divisor of 331728 and 8.
8
What is the highest common factor of 2272 and 1851964?
284
Calculate the highest common divisor of 87 and 1102464.
87
What is the greatest common divisor of 18221 and 1862?
133
What is the highest common factor of 119 and 38267?
17
What is the highest common factor of 19177 and 30861?
127
Calculate the greatest common divisor of 126 and 38034.
18
Calculate the greatest common factor of 83 and 92711.
83
What is the highest common divisor of 55973 and 36349?
223
What is the greatest common divisor of 220 and 13332?
44
What is the highest common factor of 783 and 55701?
27
Calculate the highest common factor of 28 and 32711.
7
What is the highest common divisor of 73 and 75263?
73
What is the highest common divisor of 219 and 108697?
73
What is the highest common factor of 121 and 1122?
11
Calculate the greatest common factor of 180 and 5340.
60
What is the greatest common divisor of 246890 and 770?
70
What is the greatest common factor of 3808 and 378?
14
Calculate the greatest common divisor of 16973 and 88.
11
Calculate the highest common factor of 51 and 3074263.
17
What is the greatest common divisor of 135 and 537?
3
What is the greatest common divisor of 6248 and 11?
11
What is the highest common divisor of 3360 and 207165?
105
Calculate the greatest common factor of 3480 and 5829.
87
What is the greatest common divisor of 55 and 19545?
5
What is the greatest common factor of 30968 and 2370?
158
Calculate the greatest common factor of 127231 and 143.
13
Calculate the greatest common factor of 9 and 41787.
9
Calculate the greatest common factor of 9221004 and 494.
494
Calculate the highest common factor of 688 and 4832.
16
Calculate the greatest common factor of 874 and 5198.
46
Calculate the greatest common divisor of 21679 and 1729.
133
What is the greatest common factor of 3835815 and 3756?
939
Calculate the highest common divisor of 2035 and 6600.
55
What is the highest common divisor of 36 and 348165?
9
What is the highest common divisor of 288 and 8568?
72
What is the greatest common divisor of 6075 and 143613?
243
What is the greatest common factor of 81 and 81981?
9
Calculate the highest common divisor of 7445 and 1575.
5
What is the greatest common factor of 918152 and 24?
8
What is the greatest common factor of 95506 and 424?
106
What is the highest common divisor of 4929 and 3551?
53
What is the greatest common divisor of 2146560 and 6?
6
Calculate the greatest common factor of 9 and 848979.
9
What is the highest common factor of 1880 and 14006?
94
What is the highest common factor of 310 and 8960?
10
What is the greatest common factor of 309204 and 168?
84
What is the highest common factor of 72 and 22072?
8
What is the highest common factor of 79 and 4918303?
79
Calculate the highest common divisor of 1339 and 4589.
13
What is the greatest common factor of 23 and 9062?
23
Calculate the greatest common factor of 522963 and 7.
7
What is the highest common divisor of 1476 and 32841?
369
What is the greatest common factor of 6 and 81318?
6
Calculate the greatest common factor of 5163 and 1119.
3
Calculate the greatest common factor of 1200 and 294.
6
What is the highest common factor of 26 and 6548?
2
What is the highest common factor of 17468 and 7172?
44
Calculate the greatest common factor of 13529 and 35192.
83
What is the greatest common divisor of 45 and 2391?
3
What is the highest common factor of 144078 and 330?
66
Calculate the greatest common divisor of 28933 and 4.
1
Calculate the greatest common divisor of 204 and 20740.
68
What is the greatest common divisor of 7420 and 1820?
140
What is the highest common divisor of 51584 and 1248?
416
Calculate the greatest common divisor of 18271 and 66187.
121
Calculate the greatest common factor of 326998 and 14.
14
What is the highest common factor of 356 and 5577986?
178
What is the greatest common factor of 174 and 1772?
2
Calculate the highest common divisor of 155648 and 19.
19
Calculate the highest common factor of 897 and 4329.
39
Calculate the greatest common factor of 109755 and 2295.
135
What is the greatest common factor of 38773 and 145?
29
What is the highest common factor of 1012 and 54142?
506
Calculate the greatest common factor of 26908 and 14.
14
What is the highest common factor of 2900282 and 77?
77
Calculate the greatest common divisor of 513 and 247.
19
Calculate the greatest common divisor of 455434 and 14.
14
Calculate the highest common factor of 2023 and 5202.
289
Calculate the highest common factor of 31561 and 296.
37
Calculate the highest common divisor of 7 and 1327452.
7
Calculate the highest common factor of 20792 and 1012.
92
Calculate the greatest common divisor of 13 and 1073956.
13
What is the highest common divisor of 410685 and 19?
19
What is the highest common divisor of 9338 and 184?
46
What is the highest common factor of 186 and 15934?
62
What is the greatest common factor of 166 and 534437?
83
What is the greatest common divisor of 2362487 and 22311?
2479
Calculate the highest common factor of 2975 and 22712.
17
Calculate the highest common factor of 1646040 and 860.
860
Calculate the greatest common divisor of 3421 and 253.
11
What is the greatest common divisor of 48246 and 170?
34
What is the highest common factor of 4502484 and 504?
252
Calculate the greatest common divisor of 330273 and 18.
9
What is the greatest common divisor of 15302 and 3290?
14
Calculate the highest common divisor of 254 and 95631.
127
What is the greatest common divisor of 238 and 1194998?
238
Calculate the greatest common divisor of 1400 and 4256.
56
Calculate the highest common divisor of 2728 and 19561.
31
Calculate the highest common divisor of 118018 and 4.
2
What is the highest common factor of 94506 and 228?
114
What is the highest common divisor of 155 and 34131?
31
What is the greatest common factor of 6075 and 705?
15
Calculate the greatest common divisor of 102167 and 832.
13
What is the greatest common factor of 8648 and 3760?
376
Calculate the greatest common factor of 10 and 109900.
10
What is the highest common divisor of 19996 and 20?
4
What is the highest common factor of 128 and 10208?
32
What is the greatest common divisor of 60 and 213795?
15
What is the highest common factor of 5 and 63885?
5
What is the greatest common factor of 196 and 1005326?
14
Calculate the greatest